its digit of c(-3)?
4
Let g = 76523 + -44440. What is the thousands digit of g?
2
Let i(f) be the first derivative of -22*f**2 - 150*f + 126. What is the units digit of i(-6)?
4
What is the tens digit of 7938 + (((-4)/(-9))/1)/((-61)/(-549))?
4
Let u be 26/(-65)*450/(-4). Let j(a) = 4*a**2 - 7*a + 8. Let f be j(6). Let h = f - u. What is the units digit of h?
5
Let i = 3919 + -3599. What is the tens digit of i?
2
Let b = -83949 - -125326. What is the hundreds digit of b?
3
Suppose 0 = 2*x - t - 74951, 10*t = 13*x + 8*t - 487159. What is the hundreds digit of x?
4
Let v(j) = 966*j**3 - j + 9 - 4 - 967*j**3 + 17*j**2. What is the units digit of v(8)?
3
Let r(t) = -178*t**3 - 15 + 177*t**3 + 4 - t**2 - 3*t**2. Let g be r(-6). Suppose g = x - 5. What is the tens digit of x?
6
Let u(o) = -o**2 + 4*o + 2. Let m be u(4). Suppose -m = 5*a - 17. Suppose -a*x - 5*n = -234 - 128, -3*n + 12 = 0. What is the tens digit of x?
1
Suppose -5*i + 5*g - 167298 = -39043, i + 25676 = -4*g. What is the units digit of ((-10)/(-15))/((-16)/i)?
9
Let n = -156 - -235. Let q = 97 - n. Suppose 34 = 3*y - h, q = -3*y + 6*y + 3*h. What is the tens digit of y?
1
Let x be (2/(-4))/(7/(-42)). Suppose -2*p = -x*a + p + 789, 0 = 5*a - p - 1307. Suppose -2*g + n + n + 106 = 0, 0 = 5*g - 4*n - a. What is the units digit of g?
9
Suppose 337*y - 5037400 - 3912309 = 0. What is the ten thousands digit of y?
2
Let j(l) = 3*l**2 - 6*l - 16. Let f be j(-5). Let t = f + -25. Suppose m - 3*x = t, -4*m + 3*x = -6*m + 119. What is the tens digit of m?
6
Let l = -82 + 89. What is the tens digit of (1 - -2)/((14/216)/l)?
2
Suppose 17*b + 143 = -27. What is the tens digit of (-6561)/(-9) - (3 + b)?
3
Let g(i) = -i**2 + 11*i - 18. Let f be g(-10). Let l = -48 - f. Suppose 0 = -r + 2*r - 5*x - 10, 5*r - l = -x. What is the tens digit of r?
3
Suppose -3*m + u + 688 = 0, -7*m - 5*u - 206 = -8*m. Let w = -150 + m. Suppose -2*l = -w - 147. What is the tens digit of l?
1
Suppose -14*v + 3162 = -17*v. Let g be -1 + v/(-5) + (-36)/45. Suppose -9*a - g = -902. What is the units digit of a?
7
Let a(z) = -1614*z + 36. Let h be a(-2). Suppose 30*k - 24*k = h. What is the hundreds digit of k?
5
Let h(t) be the first derivative of -15*t**4/4 - 2*t**3/3 + t**2/2 + 2*t - 28. Let q be h(2). What is the units digit of 4/((-10)/5)*q?
8
Let r(p) = -p**3 - 9*p**2 + 21*p - 4. Let n be r(-11). Suppose 375 = n*i - 73. What is the units digit of i?
4
Let x = 4923 + -769. What is the tens digit of x?
5
Let k(i) = -119*i + 19. Suppose 0 = -63*j + 59*j - 20. Let v be k(j). Suppose 3*l = 6, -4*a - 3*l - 2*l + v = 0. What is the tens digit of a?
5
Suppose 3*y - 34*h + 32*h - 22798 = 0, 0 = 4*h - 16. What is the tens digit of y?
0
Let z(g) = -519*g - 2845. What is the thousands digit of z(-40)?
7
What is the tens digit of -11932*(221/26)/(-17)?
6
What is the tens digit of (54/(-63) - (-360)/(-70)) + 0 + 4561?
5
Suppose -3*u - 3*t = -u - 13528, -u + 5*t = -6803. What is the thousands digit of u?
6
Let y = -10679 + 20066. What is the units digit of y?
7
Suppose -201 = 3*h - 3*k, h + k + 55 = 5*k. Let l(n) = -51*n**2 - 75*n - 74. Let s be l(-1). Let v = s - h. What is the tens digit of v?
2
Let r be (5 + (-189)/35)/((-1)/10). Suppose 2287 = 5*i + 4*h, 2017 = 4*i + r*h + 189. What is the hundreds digit of i?
4
Suppose -3*w - 3*g + 11 + 4 = 0, 4*w - 4 = 4*g. Let s be (-3)/6*10*69/w. Let z = s - -185. What is the tens digit of z?
7
Suppose 50 = -q - q. Let u be (-2732)/(-10) + (-20)/q. Let n = u - 162. What is the tens digit of n?
1
Let i be ((-25)/(-5) - -4) + -1. Suppose i*y + 3963 - 18163 = 0. What is the thousands digit of y?
1
Suppose -26*m + 87639 = -170229. What is the tens digit of m?
1
Suppose 1449 = 4*y - 211. Suppose 0 = 5*p - y - 230. What is the units digit of p?
9
Suppose -82*t = -86*t - 5*p + 32070, 3*t = -3*p + 24054. What is the hundreds digit of t?
0
Suppose 0 = z - 0*z + u - 10, 4 = 2*u. Let s = z + -10. What is the tens digit of 3*-1 - (-50 + s)?
4
Suppose 21*a + 37*a - 544185 = 13*a. What is the units digit of a?
3
Suppose 65 = -38*d + 217. Suppose 1858 = 5*p + s - 1045, d*s = -p + 573. What is the hundreds digit of p?
5
Suppose 0 = 245*c - 241*c - 28. Let i(x) = 4 + 1 + 3*x + 4*x + 8*x**2 - x**3. What is the units digit of i(c)?
3
Suppose 5*b - 1263 = -5*w + w, -3*b + w + 751 = 0. Let n = 435 - b. What is the tens digit of n?
8
Suppose 4*m = 3*x - 12276, 49*x - 2*m + 12312 = 52*x. What is the thousands digit of x?
4
Let b(d) = -2*d + 12. Let r be (-1)/(18/(-1264)) - (-36)/(-162). Suppose 68*a = 73*a + r. What is the units digit of b(a)?
0
Let z(p) be the first derivative of -p**6/360 - 2*p**5/15 - p**4/12 + 5*p**3/3 - 1. Let j(y) be the third derivative of z(y). What is the units digit of j(-12)?
6
Let i = 652 + -649. Suppose 5*u + 3102 = 2*n + 6*u, i*u + 6 = 0. What is the tens digit of n?
5
What is the ten thousands digit of (-9 - 5/(-30)*50)/(1/(-15051))?
1
Let j = 99 + -92. Let r be 0/(j + -8 + 4). Suppose -6*h + 708 + 732 = r. What is the hundreds digit of h?
2
Suppose r = 5*r - 8. Suppose 6*l - 5264 = -r*l. What is the tens digit of (2 - 1)/(7/l)?
9
Let t(v) = -v**3 + 2*v - 14. Let q be t(0). Let f be 80/q - (-2)/(-7). What is the units digit of f/45*-5 - 55/(-3)?
9
Let x = -310 + 499. Let a = x + -35. Suppose 2*v = -3*c + 71 + 141, -5*v = -2*c + a. What is the tens digit of c?
7
Suppose 5*m = -4*p + 26986, -5*m + 2 = -6*m. What is the thousands digit of p?
6
Let n(f) = -111*f + 8. Let c be n(-2). Let i = 451 - c. Let k = i - 1. What is the units digit of k?
0
Let t = -555 + -95. Let m = t - -1203. What is the hundreds digit of m?
5
Let d be -1*(-4 + 4)*(-2)/4. Suppose 2*y + d*y - 720 = 0. Suppose -6*h = -y - 678. What is the units digit of h?
3
Let m = -17 + 3. Suppose 12 = 34*u - 30*u. What is the tens digit of m/21 + 416/u?
3
Let u = 1327 + -238. Suppose -8*k + 5*o = -9*k + u, -3321 = -3*k + 3*o. What is the thousands digit of k?
1
Let p be (32/(-10) - -3) + 32/10. Suppose -2*q + p - 2 = f, 0 = 4*f + 5*q - 13. Let h(b) = -b**3 + 9*b**2 - 14*b + 3. What is the units digit of h(f)?
3
Let s(f) = 106*f**2 - 38*f + 6. Let d be s(-9). Suppose 20*j - d = 1306. What is the hundreds digit of j?
5
Let j(d) = 69 - 34*d - 39*d + 51. What is the units digit of j(-7)?
1
Let z be (50/3)/5 - (-3)/(-9). Suppose 5*c - z*c + 2 = -5*r, -2*c = 2. Suppose r = -3*f, -o = 3*o - 5*f - 504. What is the units digit of o?
6
Let d(r) = -2*r**2 - r + 5. Let g be d(0). Suppose -5*b = 3*w + 2, -42 = -g*w + 3*b - 0*b. Suppose 5 = x - w. What is the units digit of x?
1
Suppose 0*y + 4*y - 3*a + 453 = 0, 5*a + 5 = 0. Suppose -4*i + 1572 = -4*d, -5*i - 2*d + 1596 = -i. Let s = i + y. What is the units digit of s?
3
Let b(g) = g**2 + 7*g - 35. Suppose -9 = -3*u, 0*w + 5*u = -5*w + 75. What is the hundreds digit of b(w)?
1
Let h(l) = -23*l - 16. Suppose 17 = 5*o + 37. What is the tens digit of h(o)?
7
Let d(n) = -n**3 + 4*n**2 + 13*n - 4. Let s be d(6). Suppose -762 - 576 = -s*w. What is the units digit of w?
9
Suppose 3*b - 167 = -23. Suppose 3*o + z = -127, -4*o + 2*o = 4*z + 78. Let h = b + o. What is the units digit of h?
5
Let m = 32747 + -13692. What is the tens digit of m?
5
What is the thousands digit of (15/(-9))/(-5)*2 - 1258454/(-123)?
0
Let o = -930 - -7355. What is the thousands digit of o?
6
Suppose -n - h + 7108 = -35324, -5*h - 127320 = -3*n. What is the hundreds digit of n?
4
Suppose 269 = 18*a - 217. Let h = a - -831. What is the units digit of h?
8
Let i(u) = 200*u**2 + 188*u - 1162. What is the hundreds digit of i(6)?
1
Let l(b) = -10*b**2 + 6*b + 33. Let k(s) = -s**3 - s. Let m(h) = 4*k(h) + l(h). What is the units digit of m(-7)?
1
Let s(n) = n**3 - 23*n**2 + 51*n + 29. Let p be s(23). Let y = p + -793. What is the units digit of y?
9
Let i be (3 - 1)*10/4. Let u be (-60)/(-24) - 180/8. What is the units digit of 914/8 + (u/16)/i?
4
Suppose 0 = -7*o + 2977 + 1251. Let a = 872 - o. What is the tens digit of a?
6
Suppose 0 = 14*k - 17*k - p + 18159, -18171 = -3*k + p. What is the units digit of k?
5
Suppose -534*b + 12462605 = -13033225. What is the thousands digit of b?
7
Let m(r) be the second derivative of -29*r**3/6 - 4*r**2 + 273*r. Let y be -5 - (0 + -2 + 2). What is the units digit of m(y)?
7
Let b(a) = 3*